{"id":1725,"date":"2023-11-21T16:00:38","date_gmt":"2023-11-21T15:00:38","guid":{"rendered":"https:\/\/laparedana.com\/?page_id=1725"},"modified":"2023-11-21T16:00:39","modified_gmt":"2023-11-21T15:00:39","slug":"aviso-legal","status":"publish","type":"page","link":"https:\/\/laparedana.com\/index.php\/aviso-legal\/","title":{"rendered":"Aviso legal"},"content":{"rendered":"\n<ul class=\"wp-block-list\">\n<li><strong>DATOS DE LA ENTIDAD<\/strong><\/li>\n<\/ul>\n\n\n\n<p>En cumplimiento del art\u00edculo 10 de la Ley 34\/2002, de 11 de julio, de Servicios de la Sociedad de la Informaci\u00f3n y Comercio Electr\u00f3nico, ELISA GARC\u00cdA FERN\u00c1NDEZ le informa que se sus datos identificativos son los siguientes:<\/p>\n\n\n\n<ul class=\"wp-block-list\">\n<li><strong>Denominaci\u00f3n social:<\/strong> ELISA GARC\u00cdA FERN\u00c1NDEZ<\/li>\n\n\n\n<li><strong>Nombre comercial:<\/strong> \u201cCASA RURAL LA PAREDANA\u201d<\/li>\n\n\n\n<li><strong>C.I.F.:<\/strong> 45430201A<\/li>\n\n\n\n<li><strong>Domicilio social:<\/strong> FONTORIA S\/N 33709 &#8211; LUARCA (ASTURIAS)&nbsp;<\/li>\n\n\n\n<li><strong>Tel\u00e9fono:<\/strong> 637036040<\/li>\n\n\n\n<li><strong>Correo electr\u00f3nico a efectos de comunicaci\u00f3n:<\/strong> info@laparedana.com<\/li>\n\n\n\n<li><strong>Dominio WEB:<\/strong> <em><u>https:\/\/www.laparedana.com\/<\/u><\/em><\/li>\n<\/ul>\n\n\n\n<p>Todas las notificaciones y comunicaciones entre los usuarios y ELISA GARC\u00cdA FERN\u00c1NDEZ se considerar\u00e1n eficaces, a todos los efectos, cuando se realicen a trav\u00e9s de correo postal o cualquier otro medio de los detallados anteriormente.<\/p>\n\n\n\n<p><strong><em>REGISTRO DE EMPRESAS Y ACTIVIDADES TUR\u00cdTICAS (ASTURIAS)<\/em><\/strong><\/p>\n\n\n\n<p>ELISA GARC\u00cdA FERN\u00c1NDEZ se encuentra inscrita en el Registro de Empresas y Actividades Tur\u00edsticas con el N.\u00ba CA-484-AS y AR-1309-AS necesaria para desarrollar las actividades desempe\u00f1adas por el mismo. El \u00f3rgano competente encargado de su supervisi\u00f3n es La Consejer\u00eda de Cultura, Pol\u00edtica Ling\u00fc\u00edstica y Turismo del Gobierno del Principado de Asturias.<\/p>\n\n\n\n<ul class=\"wp-block-list\">\n<li><strong>CONDICIONES DE ACCESO Y UTILIZACI\u00d3N<\/strong><\/li>\n<\/ul>\n\n\n\n<p>El presente aviso legal regula el uso del sitio web <em><u>https:\/\/www.laparedana.com\/<\/u> <\/em>(en adelante, LA WEB), del que es titular ELISA GARC\u00cdA FERN\u00c1NDEZ.<\/p>\n\n\n\n<p>La navegaci\u00f3n por la web de ELISA GARC\u00cdA FERN\u00c1NDEZ atribuye la condici\u00f3n de usuario del mismo e implica la aceptaci\u00f3n plena y sin reservas de todas y cada una de las disposiciones incluidas en este Aviso Legal, que pueden sufrir modificaciones.<\/p>\n\n\n\n<p>El sitio web y sus servicios son de acceso libre y gratuito, no obstante, ELISA GARC\u00cdA FERN\u00c1NDEZ condiciona la utilizaci\u00f3n de algunos de los servicios ofrecidos en su web a la previa cumplimentaci\u00f3n del correspondiente formulario.<\/p>\n\n\n\n<p>Todos los contenidos del sitio web, como textos, fotograf\u00edas, gr\u00e1ficos, im\u00e1genes, iconos, tecnolog\u00eda, software, as\u00ed como su dise\u00f1o y c\u00f3digos fuente, constituyen una obra cuya propiedad pertenece a ELISA GARC\u00cdA FERN\u00c1NDEZ, sin que puedan entenderse cedidos al usuario ninguno de los derechos de explotaci\u00f3n sobre los mismos m\u00e1s all\u00e1 de lo estrictamente necesario para el correcto uso de la web.<\/p>\n\n\n\n<p>El usuario garantiza la autenticidad y actualidad de todos aquellos datos que comunique a ELISA GARC\u00cdA FERN\u00c1NDEZ y ser\u00e1 el \u00fanico responsable de las manifestaciones falsas o inexactas que realice.<\/p>\n\n\n\n<p>El usuario se obliga a hacer un uso correcto del sitio web de conformidad con las leyes, la buena fe, el orden p\u00fablico, los usos del tr\u00e1fico y el presente Aviso Legal. El usuario responder\u00e1 frente a ELISA GARC\u00cdA FERN\u00c1NDEZ o frente a terceros, de cualesquiera da\u00f1os y perjuicios que pudieran causarse como consecuencia del incumplimiento de dicha obligaci\u00f3n.<\/p>\n\n\n\n<ul class=\"wp-block-list\">\n<li><strong>POL\u00cdTICA DE ENLACES Y EXENCIONES DE RESPONSABILIDADES<\/strong><\/li>\n<\/ul>\n\n\n\n<p>ELISA GARC\u00cdA FERN\u00c1NDEZ no se hace responsable del contenido de las p\u00e1ginas web a las que el usuario pueda acceder a trav\u00e9s de los enlaces establecidos en LA WEB y declara que en ning\u00fan caso proceder\u00e1 a examinar o ejercitar ning\u00fan tipo de control sobre el contenido de otras p\u00e1ginas de la red. Asimismo, tampoco garantizar\u00e1 la disponibilidad t\u00e9cnica, exactitud, veracidad, validez o legalidad de p\u00e1ginas ajenas a su propiedad a las que se pueda acceder por medio de los enlaces.<\/p>\n\n\n\n<p>ELISA GARC\u00cdA FERN\u00c1NDEZ declara haber adoptado todas las medidas necesarias para evitar cualesquiera da\u00f1os que, a los usuarios de LA WEB, pudieran derivarse de la navegaci\u00f3n por la misma. En consecuencia, ELISA GARC\u00cdA FERN\u00c1NDEZ no se hace responsable, en ning\u00fan caso, de los eventuales da\u00f1os que por la navegaci\u00f3n por Internet pudiera sufrir el usuario.<\/p>\n\n\n\n<ul class=\"wp-block-list\">\n<li><strong>USO DE COOKIES Y DATOS ESTAD\u00cdSTICOS<\/strong><\/li>\n<\/ul>\n\n\n\n<p>Esta p\u00e1gina web puede recoger datos de sus visitantes por medio del uso de cookies, donde se recabar\u00e1 informaci\u00f3n personal relacionada con su navegaci\u00f3n. Para conocer de manera clara y precisa las cookies que utilizamos, cu\u00e1les son sus finalidades y c\u00f3mo puede configurarlas o deshabilitarlas, consulte nuestra <strong><em><u>pol\u00edtica de cookies<\/u><\/em><\/strong>, en su caso.<\/p>\n\n\n\n<p>El usuario tiene la posibilidad de configurar su navegador de modo que se le informe de la recepci\u00f3n de cookies, pudiendo, si as\u00ed lo desea, impedir que sean instaladas en su disco duro.<\/p>\n\n\n\n<ul class=\"wp-block-list\">\n<li><strong>PROTECCI\u00d3N DE DATOS<\/strong><\/li>\n<\/ul>\n\n\n\n<p>En el caso de que en la web se recojan datos de car\u00e1cter personal, para m\u00e1s informaci\u00f3n consultar la <strong><em><u>pol\u00edtica de privacidad<\/u><\/em><\/strong>. &nbsp;<\/p>\n\n\n\n<ul class=\"wp-block-list\">\n<li><strong>RESOLUCI\u00d3N DE CONTROVERSIAS. LEY APLICABLE Y JURISDICCI\u00d3N<\/strong><\/li>\n<\/ul>\n\n\n\n<p>Las presentes Condiciones Generales de Uso, as\u00ed como el uso del Espacio Web, se regir\u00e1n por la legislaci\u00f3n espa\u00f1ola. Para la resoluci\u00f3n de cualquier controversia las partes se someter\u00e1n a los Juzgados y Tribunales del domicilio social del responsable del sitio web.<\/p>\n\n\n\n<p>En el supuesto de que cualquier estipulaci\u00f3n de las presentes Condiciones Generales de Uso resultara inexigible o nula en virtud de la legislaci\u00f3n aplicable o como consecuencia de una resoluci\u00f3n judicial o administrativa, dicha inexigibilidad o nulidad no har\u00e1 que las presentes Condiciones Generales de Uso resulten inexigibles o nulas en su conjunto. En dichos casos, la empresa proceder\u00e1 a la modificaci\u00f3n o sustituci\u00f3n de dicha estipulaci\u00f3n por otra que sea v\u00e1lida y exigible y que, en la medida de lo posible, consiga el objetivo y pretensi\u00f3n reflejados en la estipulaci\u00f3n original.<\/p>\n","protected":false},"excerpt":{"rendered":"<p>En cumplimiento del art\u00edculo 10 de la Ley 34\/2002, de 11 de julio, de Servicios de la Sociedad de la Informaci\u00f3n y Comercio Electr\u00f3nico, ELISA GARC\u00cdA FERN\u00c1NDEZ le informa que se sus datos identificativos son los siguientes: Todas las notificaciones y comunicaciones entre los usuarios y ELISA GARC\u00cdA FERN\u00c1NDEZ se considerar\u00e1n eficaces, a todos los [&hellip;]<\/p>\n","protected":false},"author":4,"featured_media":0,"parent":0,"menu_order":0,"comment_status":"closed","ping_status":"open","template":"","meta":{"footnotes":""},"class_list":["post-1725","page","type-page","status-publish","hentry"],"_links":{"self":[{"href":"https:\/\/laparedana.com\/index.php\/wp-json\/wp\/v2\/pages\/1725","targetHints":{"allow":["GET"]}}],"collection":[{"href":"https:\/\/laparedana.com\/index.php\/wp-json\/wp\/v2\/pages"}],"about":[{"href":"https:\/\/laparedana.com\/index.php\/wp-json\/wp\/v2\/types\/page"}],"author":[{"embeddable":true,"href":"https:\/\/laparedana.com\/index.php\/wp-json\/wp\/v2\/users\/4"}],"replies":[{"embeddable":true,"href":"https:\/\/laparedana.com\/index.php\/wp-json\/wp\/v2\/comments?post=1725"}],"version-history":[{"count":1,"href":"https:\/\/laparedana.com\/index.php\/wp-json\/wp\/v2\/pages\/1725\/revisions"}],"predecessor-version":[{"id":1726,"href":"https:\/\/laparedana.com\/index.php\/wp-json\/wp\/v2\/pages\/1725\/revisions\/1726"}],"wp:attachment":[{"href":"https:\/\/laparedana.com\/index.php\/wp-json\/wp\/v2\/media?parent=1725"}],"curies":[{"name":"wp","href":"https:\/\/api.w.org\/{rel}","templated":true}]}}