{"id":3,"date":"2019-09-01T21:56:31","date_gmt":"2019-09-01T21:56:31","guid":{"rendered":"https:\/\/laparedana.com\/?page_id=3"},"modified":"2023-11-21T15:53:37","modified_gmt":"2023-11-21T14:53:37","slug":"privacy-policy","status":"publish","type":"page","link":"https:\/\/laparedana.com\/index.php\/privacy-policy\/","title":{"rendered":"Pol\u00edtica de privacidad"},"content":{"rendered":"\n<p>Se le informa que los datos personales que nos facilite voluntariamente, a trav\u00e9s de los distintos formularios de la web, ser\u00e1n tratados por ELISA GARC\u00cdA FERN\u00c1NDEZ \u201cCASA RURAL LA PAREDANA\u201d con domicilio en FONTORIA S\/N 33709 &#8211; LUARCA (ASTURIAS), que cumple con las medidas de seguridad exigidas en la legislaci\u00f3n vigente en materia de Protecci\u00f3n de Datos de Car\u00e1cter Personal, Reglamento 2016\/679 General de Protecci\u00f3n de Datos (RGPD) y la Ley Org\u00e1nica 3\/2018 de 5 de diciembre, de protecci\u00f3n de datos de car\u00e1cter personal y garant\u00eda de los derechos digitales (LOPDGDD).<\/p>\n\n\n\n<p>La finalidad de dicho tratamiento es la descrita en cada uno de los formularios establecidos en la p\u00e1gina web en el que Usted nos haya facilitado sus datos.<\/p>\n\n\n\n<ul class=\"wp-block-list\">\n<li>CONTACTO: Gestionar su solicitud y enviarle informaci\u00f3n m\u00e1s detallada.<\/li>\n\n\n\n<li>RESERVAS: Gestionar su reserva<\/li>\n<\/ul>\n\n\n\n<p>Los datos facilitados no ser\u00e1n cedidos a terceros salvo en los casos en que exista una obligaci\u00f3n legal, y se conservar\u00e1n durante el tiempo necesario para atender su solicitud, siempre y cuando no nos indique lo contrario ejerciendo su derecho de supresi\u00f3n, o durante el tiempo necesario para cumplir con las obligaciones legales y atender las posibles responsabilidades que pudieran derivar del cumplimiento de la finalidad para la que los datos fueron recabados.<\/p>\n\n\n\n<p>ELISA GARC\u00cdA FERN\u00c1NDEZ no elaborar\u00e1 ning\u00fan tipo de \u201cperfil\u201d, en base a la informaci\u00f3n facilitada. No se tomar\u00e1n decisiones automatizadas en base a perfiles.<\/p>\n\n\n\n<p>Asimismo, ELISA GARC\u00cdA FERN\u00c1NDEZ cancelar\u00e1 o rectificar\u00e1 los datos cuando resulten inexactos, incompletos o hayan dejado de ser necesarios para su finalidad, de conformidad con lo previsto en la legislaci\u00f3n vigente en materia de Protecci\u00f3n de Datos de Car\u00e1cter Personal.<\/p>\n\n\n\n<p>Mientras no nos comunique lo contrario, entenderemos que sus datos no han sido modificados, que usted se compromete a notificarnos cualquier variaci\u00f3n y que tenemos el consentimiento para utilizarlos a fin de poder fidelizar la relaci\u00f3n entre las partes.<\/p>\n\n\n\n<p>El usuario podr\u00e1 ejercer los derechos de acceso, rectificaci\u00f3n, supresi\u00f3n, oposici\u00f3n, limitaci\u00f3n del tratamiento, portabilidad de datos y a no ser objeto de decisiones individualizadas automatizadas, en relaci\u00f3n con los datos objeto del tratamiento, ante el responsable del tratamiento en la direcci\u00f3n anteriormente mencionada, o por correo electr\u00f3nico a&nbsp; info@laparedana.com, adjuntando copia de su DNI o documento equivalente.En caso de que no haya obtenido satisfacci\u00f3n en el ejercicio de sus derechos, podr\u00e1 presentar una reclamaci\u00f3n ante la Autoridad de Control <em>en materia Protecci\u00f3n de Datos competente, <\/em>siendo \u00e9sta la <em>Agencia Espa\u00f1ola de Protecci\u00f3n de Datos, <\/em>y cuyos datos de contacto est\u00e1n accesibles en <a href=\"https:\/\/sedeagpd.gob.es\/sede-electronica-web\/vistas\/formNuevaReclamacion\/reclamacion.jsf\"><em>https:\/\/sedeagpd.gob.es\/sede-electronica-web\/vistas\/formNuevaReclamacion\/reclamacion.jsf<\/em><\/a><em>.<\/em><\/p>\n\n\n\n<p>ELISA GARC\u00cdA FERN\u00c1NDEZ adopta las medidas t\u00e9cnicas, controles y procedimientos de car\u00e1cter f\u00edsico, organizativo y tecnol\u00f3gico, razonablemente fiables y efectivos, orientados a preservar la integridad y la seguridad de sus datos y garantizar su privacidad. No obstante, no asume ninguna responsabilidad por los da\u00f1os y perjuicios derivados de alteraciones que terceros puedan causar en los sistemas inform\u00e1ticos, documentos electr\u00f3nicos o ficheros del usuario.<\/p>\n\n\n\n<p>Adem\u00e1s, todo el personal con acceso a los datos personales ha sido formado y tiene conocimiento de sus obligaciones con relaci\u00f3n a los tratamientos de sus datos personales.<\/p>\n\n\n\n<p>En el caso de los contratos que suscribimos con nuestros proveedores incluimos cl\u00e1usulas en las que se les exige mantener el deber de secreto respecto a los datos de car\u00e1cter personal a los que hayan tenido acceso en virtud del encargo realizado, as\u00ed como implantar las medidas de seguridad t\u00e9cnicas y organizativas necesarias para garantizar la confidencialidad, integridad, disponibilidad y resiliencia permanentes de los sistemas y servicios de tratamiento de los datos personales.<\/p>\n\n\n\n<p>Todas estas medidas de seguridad son revisadas de forma peri\u00f3dica para garantizar su adecuaci\u00f3n y efectividad.<\/p>\n\n\n\n<p>Sin embargo, la seguridad absoluta no se puede garantizar y no existe ning\u00fan sistema de seguridad que sea impenetrable por lo que, en el caso de cualquier informaci\u00f3n objeto de tratamiento y bajo nuestro control se viese comprometida como consecuencia de una brecha de seguridad, tomaremos las medidas adecuadas para investigar el incidente, notificarlo a la Autoridad de Control y, en su caso, a aquellos usuarios que se hubieran podido ver afectados para que tomen las medidas adecuadas.<\/p>\n\n\n\n<p>De acuerdo con lo que establece la Ley 34\/2002, de Servicios de la Sociedad de la Informaci\u00f3n y el Comercio Electr\u00f3nico en su art\u00edculo 21, solicitaremos su consentimiento para poder realizar comunicaciones publicitarias que consideremos puedan ser de su inter\u00e9s, por correo electr\u00f3nico o por cualquier otro medio de comunicaci\u00f3n electr\u00f3nica equivalente.<\/p>\n\n\n\n<p>Usted tiene derecho a oponerse y\/o retirar el\/los consentimiento\/s al tratamiento de los datos indicados anteriormente, en su caso, y en cualquier momento, sin que ello afecte a la licitud del tratamiento basado en el consentimiento previo a su retirada, mediante notificaci\u00f3n al responsable del tratamiento en la\/s direcci\u00f3n\/es indicada\/s.<\/p>\n","protected":false},"excerpt":{"rendered":"<p>Se le informa que los datos personales que nos facilite voluntariamente, a trav\u00e9s de los distintos formularios de la web, ser\u00e1n tratados por ELISA GARC\u00cdA FERN\u00c1NDEZ \u201cCASA RURAL LA PAREDANA\u201d con domicilio en FONTORIA S\/N 33709 &#8211; LUARCA (ASTURIAS), que cumple con las medidas de seguridad exigidas en la legislaci\u00f3n vigente en materia de Protecci\u00f3n [&hellip;]<\/p>\n","protected":false},"author":1,"featured_media":0,"parent":0,"menu_order":0,"comment_status":"closed","ping_status":"open","template":"","meta":{"footnotes":""},"class_list":["post-3","page","type-page","status-publish","hentry"],"_links":{"self":[{"href":"https:\/\/laparedana.com\/index.php\/wp-json\/wp\/v2\/pages\/3","targetHints":{"allow":["GET"]}}],"collection":[{"href":"https:\/\/laparedana.com\/index.php\/wp-json\/wp\/v2\/pages"}],"about":[{"href":"https:\/\/laparedana.com\/index.php\/wp-json\/wp\/v2\/types\/page"}],"author":[{"embeddable":true,"href":"https:\/\/laparedana.com\/index.php\/wp-json\/wp\/v2\/users\/1"}],"replies":[{"embeddable":true,"href":"https:\/\/laparedana.com\/index.php\/wp-json\/wp\/v2\/comments?post=3"}],"version-history":[{"count":2,"href":"https:\/\/laparedana.com\/index.php\/wp-json\/wp\/v2\/pages\/3\/revisions"}],"predecessor-version":[{"id":1724,"href":"https:\/\/laparedana.com\/index.php\/wp-json\/wp\/v2\/pages\/3\/revisions\/1724"}],"wp:attachment":[{"href":"https:\/\/laparedana.com\/index.php\/wp-json\/wp\/v2\/media?parent=3"}],"curies":[{"name":"wp","href":"https:\/\/api.w.org\/{rel}","templated":true}]}}

Política de privacidad

<p>Se le informa que los datos personales que nos facilite voluntariamente, a través de los distintos formularios de la web, serán tratados por ELISA GARCÍA FERNÁNDEZ “CASA RURAL LA PAREDANA” con domicilio en FONTORIA S/N 33709 &#8211; LUARCA (ASTURIAS), que cumple con las medidas de seguridad exigidas en la legislación vigente en materia de Protección de Datos de Carácter Personal, Reglamento 2016/679 General de Protección de Datos (RGPD) y la Ley Orgánica 3/2018 de 5 de diciembre, de protección de datos de carácter personal y garantía de los derechos digitales (LOPDGDD).</p>



<p>La finalidad de dicho tratamiento es la descrita en cada uno de los formularios establecidos en la página web en el que Usted nos haya facilitado sus datos.</p>



<ul class="wp-block-list">
<li>CONTACTO: Gestionar su solicitud y enviarle información más detallada.</li>



<li>RESERVAS: Gestionar su reserva</li>
</ul>



<p>Los datos facilitados no serán cedidos a terceros salvo en los casos en que exista una obligación legal, y se conservarán durante el tiempo necesario para atender su solicitud, siempre y cuando no nos indique lo contrario ejerciendo su derecho de supresión, o durante el tiempo necesario para cumplir con las obligaciones legales y atender las posibles responsabilidades que pudieran derivar del cumplimiento de la finalidad para la que los datos fueron recabados.</p>



<p>ELISA GARCÍA FERNÁNDEZ no elaborará ningún tipo de “perfil”, en base a la información facilitada. No se tomarán decisiones automatizadas en base a perfiles.</p>



<p>Asimismo, ELISA GARCÍA FERNÁNDEZ cancelará o rectificará los datos cuando resulten inexactos, incompletos o hayan dejado de ser necesarios para su finalidad, de conformidad con lo previsto en la legislación vigente en materia de Protección de Datos de Carácter Personal.</p>



<p>Mientras no nos comunique lo contrario, entenderemos que sus datos no han sido modificados, que usted se compromete a notificarnos cualquier variación y que tenemos el consentimiento para utilizarlos a fin de poder fidelizar la relación entre las partes.</p>



<p>El usuario podrá ejercer los derechos de acceso, rectificación, supresión, oposición, limitación del tratamiento, portabilidad de datos y a no ser objeto de decisiones individualizadas automatizadas, en relación con los datos objeto del tratamiento, ante el responsable del tratamiento en la dirección anteriormente mencionada, o por correo electrónico a&nbsp; info@laparedana.com, adjuntando copia de su DNI o documento equivalente.En caso de que no haya obtenido satisfacción en el ejercicio de sus derechos, podrá presentar una reclamación ante la Autoridad de Control <em>en materia Protección de Datos competente, </em>siendo ésta la <em>Agencia Española de Protección de Datos, </em>y cuyos datos de contacto están accesibles en <a href="https://sedeagpd.gob.es/sede-electronica-web/vistas/formNuevaReclamacion/reclamacion.jsf"><em>https://sedeagpd.gob.es/sede-electronica-web/vistas/formNuevaReclamacion/reclamacion.jsf</em></a><em>.</em></p>



<p>ELISA GARCÍA FERNÁNDEZ adopta las medidas técnicas, controles y procedimientos de carácter físico, organizativo y tecnológico, razonablemente fiables y efectivos, orientados a preservar la integridad y la seguridad de sus datos y garantizar su privacidad. No obstante, no asume ninguna responsabilidad por los daños y perjuicios derivados de alteraciones que terceros puedan causar en los sistemas informáticos, documentos electrónicos o ficheros del usuario.</p>



<p>Además, todo el personal con acceso a los datos personales ha sido formado y tiene conocimiento de sus obligaciones con relación a los tratamientos de sus datos personales.</p>



<p>En el caso de los contratos que suscribimos con nuestros proveedores incluimos cláusulas en las que se les exige mantener el deber de secreto respecto a los datos de carácter personal a los que hayan tenido acceso en virtud del encargo realizado, así como implantar las medidas de seguridad técnicas y organizativas necesarias para garantizar la confidencialidad, integridad, disponibilidad y resiliencia permanentes de los sistemas y servicios de tratamiento de los datos personales.</p>



<p>Todas estas medidas de seguridad son revisadas de forma periódica para garantizar su adecuación y efectividad.</p>



<p>Sin embargo, la seguridad absoluta no se puede garantizar y no existe ningún sistema de seguridad que sea impenetrable por lo que, en el caso de cualquier información objeto de tratamiento y bajo nuestro control se viese comprometida como consecuencia de una brecha de seguridad, tomaremos las medidas adecuadas para investigar el incidente, notificarlo a la Autoridad de Control y, en su caso, a aquellos usuarios que se hubieran podido ver afectados para que tomen las medidas adecuadas.</p>



<p>De acuerdo con lo que establece la Ley 34/2002, de Servicios de la Sociedad de la Información y el Comercio Electrónico en su artículo 21, solicitaremos su consentimiento para poder realizar comunicaciones publicitarias que consideremos puedan ser de su interés, por correo electrónico o por cualquier otro medio de comunicación electrónica equivalente.</p>



<p>Usted tiene derecho a oponerse y/o retirar el/los consentimiento/s al tratamiento de los datos indicados anteriormente, en su caso, y en cualquier momento, sin que ello afecte a la licitud del tratamiento basado en el consentimiento previo a su retirada, mediante notificación al responsable del tratamiento en la/s dirección/es indicada/s.</p>

<p>Se le informa que los datos personales que nos facilite voluntariamente, a través de los distintos formularios de la web, serán tratados por ELISA GARCÍA FERNÁNDEZ “CASA RURAL LA PAREDANA” con domicilio en FONTORIA S/N 33709 &#8211; LUARCA (ASTURIAS), que cumple con las medidas de seguridad exigidas en la legislación vigente en materia de Protección [&hellip;]</p>
