{"id":431,"date":"2018-06-12T11:47:52","date_gmt":"2018-06-12T11:47:52","guid":{"rendered":"https:\/\/themes.getmotopress.com\/alpenhouse\/?page_id=431"},"modified":"2020-09-21T23:06:41","modified_gmt":"2020-09-21T21:06:41","slug":"terms-conditions","status":"publish","type":"page","link":"https:\/\/laparedana.com\/index.php\/terms-conditions\/","title":{"rendered":"Condiciones de reserva y\/o cancelaci\u00f3n"},"content":{"rendered":"<p>laparedana.com no se hace responsable de ninguna reserva que no haya sido confirmada por escrito.<\/p>\n<p>Revise atentamente los detalles de su reserva, pues son los que aparecen registrados en nuestro sistema. De existir alguna anomal\u00eda comun\u00edquela inmediatamente.<\/p>\n<p>A trav\u00e9s de nuestra web, nosotros proporcionamos una plataforma en l\u00ednea a trav\u00e9s de la cual los ofertamos nuestros apartamentos y los visitantes de la p\u00e1gina web pueden realizar reservas.<\/p>\n<p>Al llevar a cabo una reserva mediante laparedana.com, usted entra en una relaci\u00f3n contractual directa (legalmente vinculante) con el alojamiento que ha reservado. Desde el momento en que realiza su reserva, la p\u00e1gina web act\u00faa \u00fanicamente como intermediaria entre usted y el alojamiento, trasmitiendo los datos de la reserva al alojamiento y remiti\u00e9ndole un correo electr\u00f3nico de confirmaci\u00f3n en representaci\u00f3n del alojamiento.<\/p>\n<p>Nuestros servicios son \u00fanicamente para uso personal y no comercial. Por lo tanto, no est\u00e1 permitido revender, realizar deep-links, utilizar, copiar, monitorizar (por ejemplo, spider, scrape), mostrar, bajar o reproducir el contenido, la informaci\u00f3n, el software, los productos o los servicios disponibles en nuestro sitio web para cualquier actividad comercial o competitiva.<\/p>\n<p>Nuestro servicio es gratuito. No cobramos por nuestro servicio ni a\u00f1adimos suplementos (de reserva) al precio de los alojamientos. Nuestra comisi\u00f3n va directamente aplicada al precio final que cobra el alojamiento.<\/p>\n<p>Es necesario recordar que en caso de alguna incidencia que pueda retrasar su llegada deber\u00e1 comunicar con el alojamiento para confirmar \u00e9sta, siempre que vaya a producirse a partir de las 20.00 horas del d\u00eda de llegada prevista.<\/p>\n<p>En ning\u00fan caso se podr\u00e1 admitir mayor n\u00famero de personas de las plazas para las que est\u00e9 preparado el apartamento, reserv\u00e1ndose La Paredana el derecho de no admisi\u00f3n, o, en su caso, de desalojo.<\/p>\n<p>La anulaci\u00f3n de reserva generar\u00e1 una penalizaci\u00f3n del anticipo seg\u00fan esta tabla y siempre con un m\u00ednimo establecido de 10\u20ac en concepto de gastos de gesti\u00f3n.<\/p>\n<p>a) El 25% cuando la anulaci\u00f3n se haga con menos de 30 d\u00edas de antelaci\u00f3n.<\/p>\n<p>b) El 100% cuando se haga con menos de 15 d\u00edas.<\/p>\n<p>En caso de que La Paredana se vea obligada por fuerza mayor a cancelar la reserva hecha por el cliente, se ofrecer\u00e1n como alternativas, bien, un apartamento de categor\u00eda igual o superior a la que se hab\u00eda reservado, siempre y cuando haya disponibilidad, o bien, se reintegrar\u00e1 el total de la cantidad de dinero entregado a cuenta.<\/p>\n<p>En todo momento el Cliente es totalmente responsable todos los datos que facilite a La Paredana y de su veracidad, incluyendo sus datos personales y los referentes al n\u00famero de personas que ocupar\u00e1n el alojamiento (incluyendo ni\u00f1os cualquiera que sea su edad).<\/p>\n<p>El Cliente tambi\u00e9n es responsable de comunicar a La Paredana en el momento en que efect\u00faa su reserva si vendr\u00e1 acompa\u00f1ado por cualquier tipo de animal\/mascota.<\/p>\n<p>El Cliente se compromete a comunicar las irregularidades o deficiencias que pudiera encontrar en la alojamiento lo antes posible, y siempre durante la estancia en La Paredana.<\/p>\n<p>La Paredana solucionar\u00e1 en breve plazo cualquier anomal\u00eda o deficiencia e incluso proceder\u00e1 al cambio de la propiedad si as\u00ed lo estimara conveniente, siempre que las causas aducidas sean comprobadas como ciertas.<\/p>\n<p>Toda reclamaci\u00f3n efectuada por el Cliente despu\u00e9s de abandonar la propiedad no ser\u00e1 atendida por carecer de los m\u00e1s elementales criterios que pudieran tramitar la reclamaci\u00f3n.<\/p>\n\n\n<p><\/p>\n","protected":false},"excerpt":{"rendered":"<p>laparedana.com no se hace responsable de ninguna reserva que no haya sido confirmada por escrito. Revise atentamente los detalles de su reserva, pues son los que aparecen registrados en nuestro sistema. De existir alguna anomal\u00eda comun\u00edquela inmediatamente. A trav\u00e9s de nuestra web, nosotros proporcionamos una plataforma en l\u00ednea a trav\u00e9s de la cual los ofertamos [&hellip;]<\/p>\n","protected":false},"author":1,"featured_media":0,"parent":0,"menu_order":0,"comment_status":"closed","ping_status":"closed","template":"template-boxed.php","meta":{"footnotes":""},"class_list":["post-431","page","type-page","status-publish","hentry"],"_links":{"self":[{"href":"https:\/\/laparedana.com\/index.php\/wp-json\/wp\/v2\/pages\/431","targetHints":{"allow":["GET"]}}],"collection":[{"href":"https:\/\/laparedana.com\/index.php\/wp-json\/wp\/v2\/pages"}],"about":[{"href":"https:\/\/laparedana.com\/index.php\/wp-json\/wp\/v2\/types\/page"}],"author":[{"embeddable":true,"href":"https:\/\/laparedana.com\/index.php\/wp-json\/wp\/v2\/users\/1"}],"replies":[{"embeddable":true,"href":"https:\/\/laparedana.com\/index.php\/wp-json\/wp\/v2\/comments?post=431"}],"version-history":[{"count":2,"href":"https:\/\/laparedana.com\/index.php\/wp-json\/wp\/v2\/pages\/431\/revisions"}],"predecessor-version":[{"id":942,"href":"https:\/\/laparedana.com\/index.php\/wp-json\/wp\/v2\/pages\/431\/revisions\/942"}],"wp:attachment":[{"href":"https:\/\/laparedana.com\/index.php\/wp-json\/wp\/v2\/media?parent=431"}],"curies":[{"name":"wp","href":"https:\/\/api.w.org\/{rel}","templated":true}]}}

Condiciones de reserva y/o cancelación

<p>laparedana.com no se hace responsable de ninguna reserva que no haya sido confirmada por escrito.</p>
<p>Revise atentamente los detalles de su reserva, pues son los que aparecen registrados en nuestro sistema. De existir alguna anomalía comuníquela inmediatamente.</p>
<p>A través de nuestra web, nosotros proporcionamos una plataforma en línea a través de la cual los ofertamos nuestros apartamentos y los visitantes de la página web pueden realizar reservas.</p>
<p>Al llevar a cabo una reserva mediante laparedana.com, usted entra en una relación contractual directa (legalmente vinculante) con el alojamiento que ha reservado. Desde el momento en que realiza su reserva, la página web actúa únicamente como intermediaria entre usted y el alojamiento, trasmitiendo los datos de la reserva al alojamiento y remitiéndole un correo electrónico de confirmación en representación del alojamiento.</p>
<p>Nuestros servicios son únicamente para uso personal y no comercial. Por lo tanto, no está permitido revender, realizar deep-links, utilizar, copiar, monitorizar (por ejemplo, spider, scrape), mostrar, bajar o reproducir el contenido, la información, el software, los productos o los servicios disponibles en nuestro sitio web para cualquier actividad comercial o competitiva.</p>
<p>Nuestro servicio es gratuito. No cobramos por nuestro servicio ni añadimos suplementos (de reserva) al precio de los alojamientos. Nuestra comisión va directamente aplicada al precio final que cobra el alojamiento.</p>
<p>Es necesario recordar que en caso de alguna incidencia que pueda retrasar su llegada deberá comunicar con el alojamiento para confirmar ésta, siempre que vaya a producirse a partir de las 20.00 horas del día de llegada prevista.</p>
<p>En ningún caso se podrá admitir mayor número de personas de las plazas para las que esté preparado el apartamento, reservándose La Paredana el derecho de no admisión, o, en su caso, de desalojo.</p>
<p>La anulación de reserva generará una penalización del anticipo según esta tabla y siempre con un mínimo establecido de 10€ en concepto de gastos de gestión.</p>
<p>a) El 25% cuando la anulación se haga con menos de 30 días de antelación.</p>
<p>b) El 100% cuando se haga con menos de 15 días.</p>
<p>En caso de que La Paredana se vea obligada por fuerza mayor a cancelar la reserva hecha por el cliente, se ofrecerán como alternativas, bien, un apartamento de categoría igual o superior a la que se había reservado, siempre y cuando haya disponibilidad, o bien, se reintegrará el total de la cantidad de dinero entregado a cuenta.</p>
<p>En todo momento el Cliente es totalmente responsable todos los datos que facilite a La Paredana y de su veracidad, incluyendo sus datos personales y los referentes al número de personas que ocuparán el alojamiento (incluyendo niños cualquiera que sea su edad).</p>
<p>El Cliente también es responsable de comunicar a La Paredana en el momento en que efectúa su reserva si vendrá acompañado por cualquier tipo de animal/mascota.</p>
<p>El Cliente se compromete a comunicar las irregularidades o deficiencias que pudiera encontrar en la alojamiento lo antes posible, y siempre durante la estancia en La Paredana.</p>
<p>La Paredana solucionará en breve plazo cualquier anomalía o deficiencia e incluso procederá al cambio de la propiedad si así lo estimara conveniente, siempre que las causas aducidas sean comprobadas como ciertas.</p>
<p>Toda reclamación efectuada por el Cliente después de abandonar la propiedad no será atendida por carecer de los más elementales criterios que pudieran tramitar la reclamación.</p>


<p></p>

<p>laparedana.com no se hace responsable de ninguna reserva que no haya sido confirmada por escrito. Revise atentamente los detalles de su reserva, pues son los que aparecen registrados en nuestro sistema. De existir alguna anomalía comuníquela inmediatamente. A través de nuestra web, nosotros proporcionamos una plataforma en línea a través de la cual los ofertamos [&hellip;]</p>
